{"id":575,"date":"2023-08-02T22:47:52","date_gmt":"2023-08-02T22:47:52","guid":{"rendered":"https:\/\/marianbioenergie.ro\/?page_id=575"},"modified":"2023-08-03T14:30:35","modified_gmt":"2023-08-03T11:30:35","slug":"bioenergia","status":"publish","type":"page","link":"https:\/\/marianbioenergie.ro\/?page_id=575","title":{"rendered":"Bioenergia"},"content":{"rendered":"\t\t<div data-elementor-type=\"wp-page\" data-elementor-id=\"575\" class=\"elementor elementor-575\">\n\t\t\t\t\t\t\t\t\t<section class=\"elementor-section elementor-top-section elementor-element elementor-element-c413143 elementor-section-full_width elementor-section-height-default elementor-section-height-default\" data-id=\"c413143\" data-element_type=\"section\">\n\t\t\t\t\t\t<div class=\"elementor-container elementor-column-gap-no\">\n\t\t\t\t\t<div class=\"elementor-column elementor-col-100 elementor-top-column elementor-element elementor-element-be89dca\" data-id=\"be89dca\" data-element_type=\"column\">\n\t\t\t<div class=\"elementor-widget-wrap elementor-element-populated\">\n\t\t\t\t\t\t\t\t<section class=\"elementor-section elementor-inner-section elementor-element elementor-element-64788e3 elementor-section-full_width elementor-section-height-default elementor-section-height-default\" data-id=\"64788e3\" data-element_type=\"section\">\n\t\t\t\t\t\t<div class=\"elementor-container elementor-column-gap-no\">\n\t\t\t\t\t<div class=\"elementor-column elementor-col-100 elementor-inner-column elementor-element elementor-element-bd3908c\" data-id=\"bd3908c\" data-element_type=\"column\">\n\t\t\t<div class=\"elementor-widget-wrap elementor-element-populated\">\n\t\t\t\t\t\t\t\t<div class=\"elementor-element elementor-element-aed618e elementor-widget elementor-widget-heading\" data-id=\"aed618e\" data-element_type=\"widget\" data-widget_type=\"heading.default\">\n\t\t\t\t<div class=\"elementor-widget-container\">\n\t\t\t<style>\/*! elementor - v3.15.0 - 02-08-2023 *\/\n.elementor-heading-title{padding:0;margin:0;line-height:1}.elementor-widget-heading .elementor-heading-title[class*=elementor-size-]>a{color:inherit;font-size:inherit;line-height:inherit}.elementor-widget-heading .elementor-heading-title.elementor-size-small{font-size:15px}.elementor-widget-heading .elementor-heading-title.elementor-size-medium{font-size:19px}.elementor-widget-heading .elementor-heading-title.elementor-size-large{font-size:29px}.elementor-widget-heading .elementor-heading-title.elementor-size-xl{font-size:39px}.elementor-widget-heading .elementor-heading-title.elementor-size-xxl{font-size:59px}<\/style><h1 class=\"elementor-heading-title elementor-size-default\">Bioenergia<\/h1>\t\t<\/div>\n\t\t\t\t<\/div>\n\t\t\t\t<div class=\"elementor-element elementor-element-3678a5f elementor-widget elementor-widget-heading\" data-id=\"3678a5f\" data-element_type=\"widget\" data-widget_type=\"heading.default\">\n\t\t\t\t<div class=\"elementor-widget-container\">\n\t\t\t<h5 class=\"elementor-heading-title elementor-size-default\"><p>\n  Bioenergia este o terapie veche, bazat\u0103 pe for\u021ba c\u00e2mpului energetic. Terapia cu bioenergie este o form\u0103 de terapie alternativ\u0103 care se bazeaz\u0103 pe utilizarea \u0219i manipularea energiei subtile din corpul uman pentru a restabili echilibrul \u0219i a promova vindecarea. Se crede c\u0103 fiecare fiin\u021b\u0103 vie are un c\u00e2mp energetic \u00een jurul s\u0103u \u0219i c\u0103 tulbur\u0103rile acestui c\u00e2mp energetic pot duce la apari\u021bia bolilor \u0219i a dezechilibrelor \u00een organism.\n<\/p>\n\n<p>\n  Terapia cu bioenergie este o procedur\u0103 sigur\u0103, lipsit\u0103 de durere, f\u0103r\u0103 medicamente \u0219i natural\u0103 \u0219i poate fi folosit\u0103 de oameni de toate v\u00e2rstele chiar \u0219i de copii.\n<\/p>\n\n<p>\n  Cu ajutorul bioenergiei, terapeutul folose\u0219te diferite tehnici pentru a lucra cu c\u00e2mpul energetic \u00een jurul corpului. \u00cen tipul terapiei cu bioenergie, persoana poate prezenta senza\u021bii de c\u0103ldur\u0103, frig, furnic\u0103turi, presiune, u\u0219oar\u0103 durere \u00een anumite p\u0103r\u021bi ale corpului \u0219i chiar emo\u021bii. \u00cen timpul terapiei, persoana r\u0103m\u00e2ne treaz\u0103 \u0219i con\u0219tient\u0103 deoarece sesiunea este condus\u0103 \u00een cea mai mare parte \u00eentins\u0103 sau \u00een \u0219ezut.\n<\/p>\n\n<p>\n  \u00cen terapiile energetice, terapeutul lucreaz\u0103 cu c\u00e2mpul energetic al persoanei. Terapeutul face acest lucru ac\u021bion\u00e2nd ca o conduct\u0103 a energiei universale \u0219i folosindu-\u0219i capacit\u0103\u021bile parapsihologice. Acesta este capabil s\u0103 cure\u021be, s\u0103 \u00eencarce \u0219i s\u0103 echilibreze c\u00e2mpul energetic, restabilind fluxul normal de energie. Terapia cu bioenergie ac\u021bioneaz\u0103 asupra cauzei \u0219i trateaz\u0103 efectul nociv produs de atacurile energetice.\n<\/p>\n\n<p>\n  Nu putem vorbi despre bioenergie f\u0103r\u0103 a vorbi despre spirit, sursa energiei \u0219i componenta etern\u0103 a fiin\u021bei noastre. C\u00e2nd cineva ne atac\u0103 energetic, de fapt cel atacat este spiritul nostru \u0219i nu corpul, cum ar crede mul\u021bi dintre noi. Corpul uman doar simte atacurile iar st\u0103rile de disconfort se vor manifesta automat asupra acestuia.\n<\/p>\n\n<p>\n  Este demonstrat \u0219tiin\u021bific faptul c\u0103 fiecare organism viu are propriul s\u0103u c\u00e2mp energetic iar \u00een bioenergoterapie, boala este v\u0103zut\u0103 ca un blocaj energetic, o tulburare a circuitelor energetice. Este bine de avut \u00een vedere faptul c\u0103 g\u00e2ndirea negativ\u0103 afecteaz\u0103 c\u00e2mpul energetic (aura) organismului \u0219i cre\u0219te riscul de \u00eemboln\u0103vire. Aura este influen\u021bat\u0103 de st\u0103rile noastre psihice, de modul \u00een care g\u00e2ndim, de c\u00e2mpul energetic al altor persoane cu care intr\u0103m \u00een contact. Dac\u0103 energia curge lin prin corpul individului, acesta va avea o stare de s\u0103n\u0103tate bun\u0103 \u00eens\u0103 dac\u0103 exist\u0103 blocaje energetice la nivel subtil, dac\u0103 energia este congestionat\u0103, acest lucru se reflect\u0103 \u00een structura somatic\u0103 printr-o afec\u021biune fizic\u0103 sau psihic\u0103, \u00een func\u021bie de zona afectat\u0103 din punct de vedere energetic.\n<\/p>\n\n<p>\n  Cum func\u021bioneaz\u0103?\n<\/p>\n\n<p>\n  Bioenergoterapeutul, prin cur\u0103\u021barea aurei, ajut\u0103 la echilibrarea energiilor cu un nivel sc\u0103zut de intensitate care provoac\u0103 disfunc\u021bii la nivelul corpului fizic, emi\u021b\u00e2nd o anumit\u0103 frecven\u021b\u0103 c\u0103tre pacient cu scopul de a vindeca sau ameliora boala.\n<\/p>\n\n<p>\n  \u00cen general, \u00een timpul \u0219edin\u021belor, pacien\u021bii simt o stare de relaxare, uneori furnic\u0103turi \u00een degetele de la m\u00e2ini \u0219i de la picioare iar \u00een primele zile de terapie pot avea st\u0103ri de somnolen\u021b\u0103 sau s\u0103 transpire mai mult.\n<\/p>\n\n<p>\n  Tratamentul bioenergetic presupune diagnosticarea blocajelor, cur\u0103\u021barea \u0219i purificarea meridianelor \u0219i chakrelor, \u00eenc\u0103rcarea chakrelor, echilibrare energetic\u0103, refacerea aurei precum \u0219i tehnici de protec\u021bie.\n<\/p>\n\n<p>\n  De\u0219i \u00een general pacien\u021bii pot observa o \u00eembun\u0103t\u0103\u021bire a st\u0103rii de s\u0103n\u0103tate \u00eenc\u0103 de la prima \u0219edin\u021b\u0103, \u00een general sunt necesare 3 serii de tratament, cu pauze de 15 zile \u00eentre ele, astfel \u00eenc\u00e2t rezultatele s\u0103 fie confirmate \u0219i consolidate \u00een timp.\n<\/p>\n\n<p>\n  Beneficiile tratamentului cu bioenergie\n<\/p>\n\n<p>\n  Aceast\u0103 metod\u0103 de tratament este eficient\u0103 \u00een tratarea unor serii de afec\u021biuni precum:\n<\/p>\n\n<ul style=\"text-align: left;\">\n  <li>problemele digestive<\/li>\n  <li>depresia<\/li>\n  <li>infertilitatea \u0219i afec\u021biuni ginecologice<\/li>\n  <li>diabet<\/li>\n  <li>probleme respiratorii<\/li>\n  <li>insomnii<\/li>\n  <li>tulbur\u0103ri endocrinologice<\/li>\n  <li>tensiune arterial\u0103 \u0219i probleme cardiovasculare<\/li>\n  <li>boli neurologice (\u00een special pareze, epilepsii, encefalite, meningite, miastenii)<\/li>\n  <li>afec\u021biuni reumatice<\/li>\n  <li>pietre la rinichi, chisturi renale \u0219i suprarenale<\/li>\n  <li>afec\u021biuni ale aparatului locomotor (hernii de disc, rupturi musculare, recuperare dup\u0103 fracturi \u0219i traumatisme)<\/li>\n  <li>recuperare postoperatorie<\/li>\n  <li>afec\u021biuni asociate cu sportul de performan\u021b\u0103: rupturi de menisc\n<\/ul>\n<\/h5>\t\t<\/div>\n\t\t\t\t<\/div>\n\t\t\t\t\t<\/div>\n\t\t<\/div>\n\t\t\t\t\t\t\t<\/div>\n\t\t<\/section>\n\t\t\t\t<div class=\"elementor-element elementor-element-c7033db elementor-mobile-align-center elementor-align-center elementor-widget elementor-widget-button\" data-id=\"c7033db\" data-element_type=\"widget\" data-widget_type=\"button.default\">\n\t\t\t\t<div class=\"elementor-widget-container\">\n\t\t\t\t\t<div class=\"elementor-button-wrapper\">\n\t\t\t<a class=\"elementor-button elementor-button-link elementor-size-sm\" href=\"https:\/\/marianbioenergie.ro\/?page_id=15\">\n\t\t\t\t\t\t<span class=\"elementor-button-content-wrapper\">\n\t\t\t\t\t\t<span class=\"elementor-button-text\">Contacteaza-ma<\/span>\n\t\t<\/span>\n\t\t\t\t\t<\/a>\n\t\t<\/div>\n\t\t\t\t<\/div>\n\t\t\t\t<\/div>\n\t\t\t\t\t<\/div>\n\t\t<\/div>\n\t\t\t\t\t\t\t<\/div>\n\t\t<\/section>\n\t\t\t\t\t\t\t<\/div>\n\t\t","protected":false},"excerpt":{"rendered":"<p>Bioenergia Bioenergia este o terapie veche, bazat\u0103 pe for\u021ba c\u00e2mpului energetic. Terapia cu bioenergie este o form\u0103 de terapie alternativ\u0103 care se bazeaz\u0103 pe utilizarea \u0219i manipularea energiei subtile din corpul uman pentru a restabili echilibrul \u0219i a promova vindecarea. Se crede c\u0103 fiecare fiin\u021b\u0103 vie are un c\u00e2mp energetic \u00een jurul s\u0103u \u0219i c\u0103 &hellip;<\/p>\n<p class=\"read-more\"> <a class=\"\" href=\"https:\/\/marianbioenergie.ro\/?page_id=575\"> <span class=\"screen-reader-text\">Bioenergia<\/span> Read More &raquo;<\/a><\/p>\n","protected":false},"author":1,"featured_media":0,"parent":0,"menu_order":0,"comment_status":"closed","ping_status":"closed","template":"","meta":{"site-sidebar-layout":"no-sidebar","site-content-layout":"page-builder","ast-global-header-display":"","ast-banner-title-visibility":"","ast-main-header-display":"","ast-hfb-above-header-display":"","ast-hfb-below-header-display":"","ast-hfb-mobile-header-display":"","site-post-title":"disabled","ast-breadcrumbs-content":"","ast-featured-img":"disabled","footer-sml-layout":"","theme-transparent-header-meta":"enabled","adv-header-id-meta":"","stick-header-meta":"","header-above-stick-meta":"","header-main-stick-meta":"","header-below-stick-meta":"","footnotes":""},"class_list":["post-575","page","type-page","status-publish","hentry"],"_links":{"self":[{"href":"https:\/\/marianbioenergie.ro\/index.php?rest_route=\/wp\/v2\/pages\/575","targetHints":{"allow":["GET"]}}],"collection":[{"href":"https:\/\/marianbioenergie.ro\/index.php?rest_route=\/wp\/v2\/pages"}],"about":[{"href":"https:\/\/marianbioenergie.ro\/index.php?rest_route=\/wp\/v2\/types\/page"}],"author":[{"embeddable":true,"href":"https:\/\/marianbioenergie.ro\/index.php?rest_route=\/wp\/v2\/users\/1"}],"replies":[{"embeddable":true,"href":"https:\/\/marianbioenergie.ro\/index.php?rest_route=%2Fwp%2Fv2%2Fcomments&post=575"}],"version-history":[{"count":27,"href":"https:\/\/marianbioenergie.ro\/index.php?rest_route=\/wp\/v2\/pages\/575\/revisions"}],"predecessor-version":[{"id":685,"href":"https:\/\/marianbioenergie.ro\/index.php?rest_route=\/wp\/v2\/pages\/575\/revisions\/685"}],"wp:attachment":[{"href":"https:\/\/marianbioenergie.ro\/index.php?rest_route=%2Fwp%2Fv2%2Fmedia&parent=575"}],"curies":[{"name":"wp","href":"https:\/\/api.w.org\/{rel}","templated":true}]}}